{"version":"1.0","provider_name":"Svenska Magasinet","provider_url":"https:\/\/lightweb.dev\/l\/svm-temp","author_name":"Redaktionen SvM","author_url":"https:\/\/lightweb.dev\/l\/svm-temp\/reporter\/redaktionen\/","title":"Rester av skelett hittades i Marbella","type":"rich","width":600,"height":338,"html":"<blockquote class=\"wp-embedded-content\" data-secret=\"n34efTVIqk\"><a href=\"https:\/\/lightweb.dev\/l\/svm-temp\/nyheter\/rester-av-skelett-hittades-i-marbella\/\">Rester av skelett hittades i Marbella<\/a><\/blockquote><iframe sandbox=\"allow-scripts\" security=\"restricted\" src=\"https:\/\/lightweb.dev\/l\/svm-temp\/nyheter\/rester-av-skelett-hittades-i-marbella\/embed\/#?secret=n34efTVIqk\" width=\"600\" height=\"338\" title=\"\u201dRester av skelett hittades i Marbella\u201d &ndash; Svenska Magasinet\" data-secret=\"n34efTVIqk\" frameborder=\"0\" marginwidth=\"0\" marginheight=\"0\" scrolling=\"no\" class=\"wp-embedded-content\"><\/iframe><script type=\"text\/javascript\">\n\/* <![CDATA[ *\/\n\/*! This file is auto-generated *\/\n!function(d,l){\"use strict\";l.querySelector&&d.addEventListener&&\"undefined\"!=typeof URL&&(d.wp=d.wp||{},d.wp.receiveEmbedMessage||(d.wp.receiveEmbedMessage=function(e){var t=e.data;if((t||t.secret||t.message||t.value)&&!\/[^a-zA-Z0-9]\/.test(t.secret)){for(var s,r,n,a=l.querySelectorAll('iframe[data-secret=\"'+t.secret+'\"]'),o=l.querySelectorAll('blockquote[data-secret=\"'+t.secret+'\"]'),c=new RegExp(\"^https?:$\",\"i\"),i=0;i<o.length;i++)o[i].style.display=\"none\";for(i=0;i<a.length;i++)s=a[i],e.source===s.contentWindow&&(s.removeAttribute(\"style\"),\"height\"===t.message?(1e3<(r=parseInt(t.value,10))?r=1e3:~~r<200&&(r=200),s.height=r):\"link\"===t.message&&(r=new URL(s.getAttribute(\"src\")),n=new URL(t.value),c.test(n.protocol))&&n.host===r.host&&l.activeElement===s&&(d.top.location.href=t.value))}},d.addEventListener(\"message\",d.wp.receiveEmbedMessage,!1),l.addEventListener(\"DOMContentLoaded\",function(){for(var e,t,s=l.querySelectorAll(\"iframe.wp-embedded-content\"),r=0;r<s.length;r++)(t=(e=s[r]).getAttribute(\"data-secret\"))||(t=Math.random().toString(36).substring(2,12),e.src+=\"#?secret=\"+t,e.setAttribute(\"data-secret\",t)),e.contentWindow.postMessage({message:\"ready\",secret:t},\"*\")},!1)))}(window,document);\n\/* ]]> *\/\n<\/script>\n","thumbnail_url":"https:\/\/lightweb.dev\/l\/svm-temp\/wp-content\/uploads\/2022\/06\/rester-av-skelett-hittades-i-marbella.png","thumbnail_width":280,"thumbnail_height":210,"description":"Uppt\u00e4ckten gjordes i s\u00f6ndags runt klockan 12:30. Vandrare var p\u00e5 v\u00e4g ner fr\u00e5n Pico de la Concha bakom Marbella n\u00e4r de hittade m\u00e4nskliga kvarlevor. Omr\u00e5de d\u00e4r uppt\u00e4ckten gjordes kallas Minas Bella. Det bekr\u00e4ftades senare att resterna av skelettet kommer fr\u00e5n en m\u00e4nniska. Platsen f\u00f6r fyndet \u00e4r sp\u00e4rrat av nationalpolisen. Kvarlevorna \u00e4r inte i skrivande stund [&hellip;]"}

Upptäckten gjordes i söndags runt klockan 12:30. Vandrare var på väg ner från Pico de la Concha bakom Marbella när de hittade mänskliga kvarlevor. Område där upptäckten gjordes kallas Minas Bella. Det bekräftades senare att resterna av skelettet kommer från en människa. Platsen för fyndet är spärrat av nationalpolisen. Kvarlevorna är inte i skrivande stund [&hellip;]
