{"version":"1.0","provider_name":"Svenska Magasinet","provider_url":"https:\/\/lightweb.dev\/l\/svm-temp","author_name":"Redaktionen SvM","author_url":"https:\/\/lightweb.dev\/l\/svm-temp\/reporter\/redaktionen\/","title":"Sjunkande brottslighet p\u00e5 Solkusten","type":"rich","width":600,"height":338,"html":"<blockquote class=\"wp-embedded-content\" data-secret=\"frJwC3nfvO\"><a href=\"https:\/\/lightweb.dev\/l\/svm-temp\/nyheter\/sjunkande-brottslighet-pa-solkusten\/\">Sjunkande brottslighet p\u00e5 Solkusten<\/a><\/blockquote><iframe sandbox=\"allow-scripts\" security=\"restricted\" src=\"https:\/\/lightweb.dev\/l\/svm-temp\/nyheter\/sjunkande-brottslighet-pa-solkusten\/embed\/#?secret=frJwC3nfvO\" width=\"600\" height=\"338\" title=\"\u201dSjunkande brottslighet p\u00e5 Solkusten\u201d &ndash; Svenska Magasinet\" data-secret=\"frJwC3nfvO\" frameborder=\"0\" marginwidth=\"0\" marginheight=\"0\" scrolling=\"no\" class=\"wp-embedded-content\"><\/iframe><script type=\"text\/javascript\">\n\/* <![CDATA[ *\/\n\/*! This file is auto-generated *\/\n!function(d,l){\"use strict\";l.querySelector&&d.addEventListener&&\"undefined\"!=typeof URL&&(d.wp=d.wp||{},d.wp.receiveEmbedMessage||(d.wp.receiveEmbedMessage=function(e){var t=e.data;if((t||t.secret||t.message||t.value)&&!\/[^a-zA-Z0-9]\/.test(t.secret)){for(var s,r,n,a=l.querySelectorAll('iframe[data-secret=\"'+t.secret+'\"]'),o=l.querySelectorAll('blockquote[data-secret=\"'+t.secret+'\"]'),c=new RegExp(\"^https?:$\",\"i\"),i=0;i<o.length;i++)o[i].style.display=\"none\";for(i=0;i<a.length;i++)s=a[i],e.source===s.contentWindow&&(s.removeAttribute(\"style\"),\"height\"===t.message?(1e3<(r=parseInt(t.value,10))?r=1e3:~~r<200&&(r=200),s.height=r):\"link\"===t.message&&(r=new URL(s.getAttribute(\"src\")),n=new URL(t.value),c.test(n.protocol))&&n.host===r.host&&l.activeElement===s&&(d.top.location.href=t.value))}},d.addEventListener(\"message\",d.wp.receiveEmbedMessage,!1),l.addEventListener(\"DOMContentLoaded\",function(){for(var e,t,s=l.querySelectorAll(\"iframe.wp-embedded-content\"),r=0;r<s.length;r++)(t=(e=s[r]).getAttribute(\"data-secret\"))||(t=Math.random().toString(36).substring(2,12),e.src+=\"#?secret=\"+t,e.setAttribute(\"data-secret\",t)),e.contentWindow.postMessage({message:\"ready\",secret:t},\"*\")},!1)))}(window,document);\n\/* ]]> *\/\n<\/script>\n","thumbnail_url":"https:\/\/lightweb.dev\/l\/svm-temp\/wp-content\/uploads\/2022\/06\/sjunkande-brottslighet-pa-solkusten.png","thumbnail_width":301,"thumbnail_height":200,"description":"I samband med att nationalpolisens beskyddare h\u00f6gtidligh\u00f6lls h\u00e4romdagen ber\u00e4ttade provinsen M\u00e1lagas polischef, Pedro Garijo, under sitt tal att brottsligheten sj\u00f6nk med 32 procent mellan \u00e5ren 2008 till 2014. Ifjol svarade nationalpolisen f\u00f6r en mycket lyckad insats mot brottsligheten, inte bara i Andalusien utan i hela Spanien. \u201dAllt beror p\u00e5 lyckade insatser och att polisen alltid [&hellip;]"}

Sjunkande brottslighet på Solkusten

<blockquote class="wp-embedded-content" data-secret="frJwC3nfvO"><a href="https://lightweb.dev/l/svm-temp/nyheter/sjunkande-brottslighet-pa-solkusten/">Sjunkande brottslighet på Solkusten</a></blockquote><iframe sandbox="allow-scripts" security="restricted" src="https://lightweb.dev/l/svm-temp/nyheter/sjunkande-brottslighet-pa-solkusten/embed/#?secret=frJwC3nfvO" width="600" height="338" title="”Sjunkande brottslighet på Solkusten” &ndash; Svenska Magasinet" data-secret="frJwC3nfvO" frameborder="0" marginwidth="0" marginheight="0" scrolling="no" class="wp-embedded-content"></iframe><script type="text/javascript">
/* <![CDATA[ */
/*! This file is auto-generated */
!function(d,l){"use strict";l.querySelector&&d.addEventListener&&"undefined"!=typeof URL&&(d.wp=d.wp||{},d.wp.receiveEmbedMessage||(d.wp.receiveEmbedMessage=function(e){var t=e.data;if((t||t.secret||t.message||t.value)&&!/[^a-zA-Z0-9]/.test(t.secret)){for(var s,r,n,a=l.querySelectorAll('iframe[data-secret="'+t.secret+'"]'),o=l.querySelectorAll('blockquote[data-secret="'+t.secret+'"]'),c=new RegExp("^https?:$","i"),i=0;i<o.length;i++)o[i].style.display="none";for(i=0;i<a.length;i++)s=a[i],e.source===s.contentWindow&&(s.removeAttribute("style"),"height"===t.message?(1e3<(r=parseInt(t.value,10))?r=1e3:~~r<200&&(r=200),s.height=r):"link"===t.message&&(r=new URL(s.getAttribute("src")),n=new URL(t.value),c.test(n.protocol))&&n.host===r.host&&l.activeElement===s&&(d.top.location.href=t.value))}},d.addEventListener("message",d.wp.receiveEmbedMessage,!1),l.addEventListener("DOMContentLoaded",function(){for(var e,t,s=l.querySelectorAll("iframe.wp-embedded-content"),r=0;r<s.length;r++)(t=(e=s[r]).getAttribute("data-secret"))||(t=Math.random().toString(36).substring(2,12),e.src+="#?secret="+t,e.setAttribute("data-secret",t)),e.contentWindow.postMessage({message:"ready",secret:t},"*")},!1)))}(window,document);
/* ]]> */
</script>

I samband med att nationalpolisens beskyddare högtidlighölls häromdagen berättade provinsen Málagas polischef, Pedro Garijo, under sitt tal att brottsligheten sjönk med 32 procent mellan åren 2008 till 2014. Ifjol svarade nationalpolisen för en mycket lyckad insats mot brottsligheten, inte bara i Andalusien utan i hela Spanien. ”Allt beror på lyckade insatser och att polisen alltid [&hellip;]
