{"version":"1.0","provider_name":"Svenska Magasinet","provider_url":"https:\/\/lightweb.dev\/l\/svm-temp","author_name":"Redaktionen SvM","author_url":"https:\/\/lightweb.dev\/l\/svm-temp\/reporter\/redaktionen\/","title":"Spanien - Frankrike spelar i M\u00e1laga","type":"rich","width":600,"height":338,"html":"<blockquote class=\"wp-embedded-content\" data-secret=\"0ERVvbyBCf\"><a href=\"https:\/\/lightweb.dev\/l\/svm-temp\/nyheter\/spanien-frankrike-spelar-i-malaga\/\">Spanien &#8211; Frankrike spelar i M\u00e1laga<\/a><\/blockquote><iframe sandbox=\"allow-scripts\" security=\"restricted\" src=\"https:\/\/lightweb.dev\/l\/svm-temp\/nyheter\/spanien-frankrike-spelar-i-malaga\/embed\/#?secret=0ERVvbyBCf\" width=\"600\" height=\"338\" title=\"\u201dSpanien &#8211; Frankrike spelar i M\u00e1laga\u201d &ndash; Svenska Magasinet\" data-secret=\"0ERVvbyBCf\" frameborder=\"0\" marginwidth=\"0\" marginheight=\"0\" scrolling=\"no\" class=\"wp-embedded-content\"><\/iframe><script type=\"text\/javascript\">\n\/* <![CDATA[ *\/\n\/*! This file is auto-generated *\/\n!function(d,l){\"use strict\";l.querySelector&&d.addEventListener&&\"undefined\"!=typeof URL&&(d.wp=d.wp||{},d.wp.receiveEmbedMessage||(d.wp.receiveEmbedMessage=function(e){var t=e.data;if((t||t.secret||t.message||t.value)&&!\/[^a-zA-Z0-9]\/.test(t.secret)){for(var s,r,n,a=l.querySelectorAll('iframe[data-secret=\"'+t.secret+'\"]'),o=l.querySelectorAll('blockquote[data-secret=\"'+t.secret+'\"]'),c=new RegExp(\"^https?:$\",\"i\"),i=0;i<o.length;i++)o[i].style.display=\"none\";for(i=0;i<a.length;i++)s=a[i],e.source===s.contentWindow&&(s.removeAttribute(\"style\"),\"height\"===t.message?(1e3<(r=parseInt(t.value,10))?r=1e3:~~r<200&&(r=200),s.height=r):\"link\"===t.message&&(r=new URL(s.getAttribute(\"src\")),n=new URL(t.value),c.test(n.protocol))&&n.host===r.host&&l.activeElement===s&&(d.top.location.href=t.value))}},d.addEventListener(\"message\",d.wp.receiveEmbedMessage,!1),l.addEventListener(\"DOMContentLoaded\",function(){for(var e,t,s=l.querySelectorAll(\"iframe.wp-embedded-content\"),r=0;r<s.length;r++)(t=(e=s[r]).getAttribute(\"data-secret\"))||(t=Math.random().toString(36).substring(2,12),e.src+=\"#?secret=\"+t,e.setAttribute(\"data-secret\",t)),e.contentWindow.postMessage({message:\"ready\",secret:t},\"*\")},!1)))}(window,document);\n\/* ]]> *\/\n<\/script>\n","description":"Det blir toppfotboll i M\u00e1laga i februari d\u00e5 spanska fotbollslandslaget EM-genrepar mot Frankrike den 6 februari p\u00e5 La Rosaleda. En v\u00e4nskapslandskamp inf\u00f6r EM d\u00e4r truppen ska slipas inf\u00f6r sommarens m\u00e4sterskap. Det blir den f\u00f6rsta landskampen p\u00e5 Solkusten sedan h\u00f6sten 1994 d\u00e5 Finland bes\u00f6kte La Rosaleda och Spanien vann med 2-0. S\u00e5 passa p\u00e5 att spana [&hellip;]"}

Spanien - Frankrike spelar i Málaga

<blockquote class="wp-embedded-content" data-secret="0ERVvbyBCf"><a href="https://lightweb.dev/l/svm-temp/nyheter/spanien-frankrike-spelar-i-malaga/">Spanien &#8211; Frankrike spelar i Málaga</a></blockquote><iframe sandbox="allow-scripts" security="restricted" src="https://lightweb.dev/l/svm-temp/nyheter/spanien-frankrike-spelar-i-malaga/embed/#?secret=0ERVvbyBCf" width="600" height="338" title="”Spanien &#8211; Frankrike spelar i Málaga” &ndash; Svenska Magasinet" data-secret="0ERVvbyBCf" frameborder="0" marginwidth="0" marginheight="0" scrolling="no" class="wp-embedded-content"></iframe><script type="text/javascript">
/* <![CDATA[ */
/*! This file is auto-generated */
!function(d,l){"use strict";l.querySelector&&d.addEventListener&&"undefined"!=typeof URL&&(d.wp=d.wp||{},d.wp.receiveEmbedMessage||(d.wp.receiveEmbedMessage=function(e){var t=e.data;if((t||t.secret||t.message||t.value)&&!/[^a-zA-Z0-9]/.test(t.secret)){for(var s,r,n,a=l.querySelectorAll('iframe[data-secret="'+t.secret+'"]'),o=l.querySelectorAll('blockquote[data-secret="'+t.secret+'"]'),c=new RegExp("^https?:$","i"),i=0;i<o.length;i++)o[i].style.display="none";for(i=0;i<a.length;i++)s=a[i],e.source===s.contentWindow&&(s.removeAttribute("style"),"height"===t.message?(1e3<(r=parseInt(t.value,10))?r=1e3:~~r<200&&(r=200),s.height=r):"link"===t.message&&(r=new URL(s.getAttribute("src")),n=new URL(t.value),c.test(n.protocol))&&n.host===r.host&&l.activeElement===s&&(d.top.location.href=t.value))}},d.addEventListener("message",d.wp.receiveEmbedMessage,!1),l.addEventListener("DOMContentLoaded",function(){for(var e,t,s=l.querySelectorAll("iframe.wp-embedded-content"),r=0;r<s.length;r++)(t=(e=s[r]).getAttribute("data-secret"))||(t=Math.random().toString(36).substring(2,12),e.src+="#?secret="+t,e.setAttribute("data-secret",t)),e.contentWindow.postMessage({message:"ready",secret:t},"*")},!1)))}(window,document);
/* ]]> */
</script>

Det blir toppfotboll i Málaga i februari då spanska fotbollslandslaget EM-genrepar mot Frankrike den 6 februari på La Rosaleda. En vänskapslandskamp inför EM där truppen ska slipas inför sommarens mästerskap. Det blir den första landskampen på Solkusten sedan hösten 1994 då Finland besökte La Rosaleda och Spanien vann med 2-0. Så passa på att spana [&hellip;]
