{"version":"1.0","provider_name":"Svenska Magasinet","provider_url":"https:\/\/lightweb.dev\/l\/svm-temp","author_name":"Redaktionen SvM","author_url":"https:\/\/lightweb.dev\/l\/svm-temp\/reporter\/redaktionen\/","title":"Spaniens unga befolkning dras till Podemos","type":"rich","width":600,"height":338,"html":"<blockquote class=\"wp-embedded-content\" data-secret=\"E6E5zaKgGs\"><a href=\"https:\/\/lightweb.dev\/l\/svm-temp\/nyheter\/spaniens-unga-befolkning-dras-till-podemos\/\">Spaniens unga befolkning dras till Podemos<\/a><\/blockquote><iframe sandbox=\"allow-scripts\" security=\"restricted\" src=\"https:\/\/lightweb.dev\/l\/svm-temp\/nyheter\/spaniens-unga-befolkning-dras-till-podemos\/embed\/#?secret=E6E5zaKgGs\" width=\"600\" height=\"338\" title=\"\u201dSpaniens unga befolkning dras till Podemos\u201d &ndash; Svenska Magasinet\" data-secret=\"E6E5zaKgGs\" frameborder=\"0\" marginwidth=\"0\" marginheight=\"0\" scrolling=\"no\" class=\"wp-embedded-content\"><\/iframe><script type=\"text\/javascript\">\n\/* <![CDATA[ *\/\n\/*! This file is auto-generated *\/\n!function(d,l){\"use strict\";l.querySelector&&d.addEventListener&&\"undefined\"!=typeof URL&&(d.wp=d.wp||{},d.wp.receiveEmbedMessage||(d.wp.receiveEmbedMessage=function(e){var t=e.data;if((t||t.secret||t.message||t.value)&&!\/[^a-zA-Z0-9]\/.test(t.secret)){for(var s,r,n,a=l.querySelectorAll('iframe[data-secret=\"'+t.secret+'\"]'),o=l.querySelectorAll('blockquote[data-secret=\"'+t.secret+'\"]'),c=new RegExp(\"^https?:$\",\"i\"),i=0;i<o.length;i++)o[i].style.display=\"none\";for(i=0;i<a.length;i++)s=a[i],e.source===s.contentWindow&&(s.removeAttribute(\"style\"),\"height\"===t.message?(1e3<(r=parseInt(t.value,10))?r=1e3:~~r<200&&(r=200),s.height=r):\"link\"===t.message&&(r=new URL(s.getAttribute(\"src\")),n=new URL(t.value),c.test(n.protocol))&&n.host===r.host&&l.activeElement===s&&(d.top.location.href=t.value))}},d.addEventListener(\"message\",d.wp.receiveEmbedMessage,!1),l.addEventListener(\"DOMContentLoaded\",function(){for(var e,t,s=l.querySelectorAll(\"iframe.wp-embedded-content\"),r=0;r<s.length;r++)(t=(e=s[r]).getAttribute(\"data-secret\"))||(t=Math.random().toString(36).substring(2,12),e.src+=\"#?secret=\"+t,e.setAttribute(\"data-secret\",t)),e.contentWindow.postMessage({message:\"ready\",secret:t},\"*\")},!1)))}(window,document);\n\/* ]]> *\/\n<\/script>\n","thumbnail_url":"https:\/\/lightweb.dev\/l\/svm-temp\/wp-content\/uploads\/2022\/06\/spaniens-unga-befolkning-dras-till-podemos.png","thumbnail_width":300,"thumbnail_height":200,"description":"Bland den spanska befolkningen mellan 18 till 34 \u00e5r f\u00e5r protestpartiet Podemos sitt st\u00f6rsta st\u00f6d och \u00e4r ocks\u00e5 det st\u00f6rsta partiet. Det visar den senaste CIS-unders\u00f6kningen som pejlar opinionen inf\u00f6r allm\u00e4nna valet 20 december. Bland de fyra st\u00f6rsta partierna f\u00e5r regeringspartiet Partido Popular minst st\u00f6d hos den yngre befolkningen mellan 18 till 34 \u00e5r. L\u00e4gst [&hellip;]"}

Bland den spanska befolkningen mellan 18 till 34 år får protestpartiet Podemos sitt största stöd och är också det största partiet. Det visar den senaste CIS-undersökningen som pejlar opinionen inför allmänna valet 20 december. Bland de fyra största partierna får regeringspartiet Partido Popular minst stöd hos den yngre befolkningen mellan 18 till 34 år. Lägst [&hellip;]
