{"version":"1.0","provider_name":"Svenska Magasinet","provider_url":"https:\/\/lightweb.dev\/l\/svm-temp","author_name":"Redaktionen SvM","author_url":"https:\/\/lightweb.dev\/l\/svm-temp\/reporter\/redaktionen\/","title":"Sp\u00e5rvagnsn\u00e4tet i V\u00e9lez ska inspekteras","type":"rich","width":600,"height":338,"html":"<blockquote class=\"wp-embedded-content\" data-secret=\"A3pBvHhAlD\"><a href=\"https:\/\/lightweb.dev\/l\/svm-temp\/nyheter\/sparvagnsnatet-i-velez-ska-inspekteras\/\">Sp\u00e5rvagnsn\u00e4tet i V\u00e9lez ska inspekteras<\/a><\/blockquote><iframe sandbox=\"allow-scripts\" security=\"restricted\" src=\"https:\/\/lightweb.dev\/l\/svm-temp\/nyheter\/sparvagnsnatet-i-velez-ska-inspekteras\/embed\/#?secret=A3pBvHhAlD\" width=\"600\" height=\"338\" title=\"\u201dSp\u00e5rvagnsn\u00e4tet i V\u00e9lez ska inspekteras\u201d &ndash; Svenska Magasinet\" data-secret=\"A3pBvHhAlD\" frameborder=\"0\" marginwidth=\"0\" marginheight=\"0\" scrolling=\"no\" class=\"wp-embedded-content\"><\/iframe><script type=\"text\/javascript\">\n\/* <![CDATA[ *\/\n\/*! This file is auto-generated *\/\n!function(d,l){\"use strict\";l.querySelector&&d.addEventListener&&\"undefined\"!=typeof URL&&(d.wp=d.wp||{},d.wp.receiveEmbedMessage||(d.wp.receiveEmbedMessage=function(e){var t=e.data;if((t||t.secret||t.message||t.value)&&!\/[^a-zA-Z0-9]\/.test(t.secret)){for(var s,r,n,a=l.querySelectorAll('iframe[data-secret=\"'+t.secret+'\"]'),o=l.querySelectorAll('blockquote[data-secret=\"'+t.secret+'\"]'),c=new RegExp(\"^https?:$\",\"i\"),i=0;i<o.length;i++)o[i].style.display=\"none\";for(i=0;i<a.length;i++)s=a[i],e.source===s.contentWindow&&(s.removeAttribute(\"style\"),\"height\"===t.message?(1e3<(r=parseInt(t.value,10))?r=1e3:~~r<200&&(r=200),s.height=r):\"link\"===t.message&&(r=new URL(s.getAttribute(\"src\")),n=new URL(t.value),c.test(n.protocol))&&n.host===r.host&&l.activeElement===s&&(d.top.location.href=t.value))}},d.addEventListener(\"message\",d.wp.receiveEmbedMessage,!1),l.addEventListener(\"DOMContentLoaded\",function(){for(var e,t,s=l.querySelectorAll(\"iframe.wp-embedded-content\"),r=0;r<s.length;r++)(t=(e=s[r]).getAttribute(\"data-secret\"))||(t=Math.random().toString(36).substring(2,12),e.src+=\"#?secret=\"+t,e.setAttribute(\"data-secret\",t)),e.contentWindow.postMessage({message:\"ready\",secret:t},\"*\")},!1)))}(window,document);\n\/* ]]> *\/\n<\/script>\n","thumbnail_url":"https:\/\/lightweb.dev\/l\/svm-temp\/wp-content\/uploads\/2022\/06\/sparvagnsnatet-i-velez-ska-inspekteras.png","thumbnail_width":280,"thumbnail_height":220,"description":"Tv\u00e5 f\u00f6retag i V\u00e9lez M\u00e1laga ska inleda arbetet med att inspektera infrastrukturen l\u00e4ngs sp\u00e5rvagnsn\u00e4tet i kommunen f\u00f6r att bed\u00f6ma skadorna ifall trafiken eventuellt startar upp igen. Det var f\u00f6r tre \u00e5r sedan som de ol\u00f6nsamma sp\u00e5rvagnarna slutade g\u00e5 mellan V\u00e9lez och Torre del Mar. Sedan dess har inv\u00e5narna kunnat konstatera hur elsk\u00e5p l\u00e4ngs linjen har [&hellip;]"}

Spårvagnsnätet i Vélez ska inspekteras

<blockquote class="wp-embedded-content" data-secret="A3pBvHhAlD"><a href="https://lightweb.dev/l/svm-temp/nyheter/sparvagnsnatet-i-velez-ska-inspekteras/">Spårvagnsnätet i Vélez ska inspekteras</a></blockquote><iframe sandbox="allow-scripts" security="restricted" src="https://lightweb.dev/l/svm-temp/nyheter/sparvagnsnatet-i-velez-ska-inspekteras/embed/#?secret=A3pBvHhAlD" width="600" height="338" title="”Spårvagnsnätet i Vélez ska inspekteras” &ndash; Svenska Magasinet" data-secret="A3pBvHhAlD" frameborder="0" marginwidth="0" marginheight="0" scrolling="no" class="wp-embedded-content"></iframe><script type="text/javascript">
/* <![CDATA[ */
/*! This file is auto-generated */
!function(d,l){"use strict";l.querySelector&&d.addEventListener&&"undefined"!=typeof URL&&(d.wp=d.wp||{},d.wp.receiveEmbedMessage||(d.wp.receiveEmbedMessage=function(e){var t=e.data;if((t||t.secret||t.message||t.value)&&!/[^a-zA-Z0-9]/.test(t.secret)){for(var s,r,n,a=l.querySelectorAll('iframe[data-secret="'+t.secret+'"]'),o=l.querySelectorAll('blockquote[data-secret="'+t.secret+'"]'),c=new RegExp("^https?:$","i"),i=0;i<o.length;i++)o[i].style.display="none";for(i=0;i<a.length;i++)s=a[i],e.source===s.contentWindow&&(s.removeAttribute("style"),"height"===t.message?(1e3<(r=parseInt(t.value,10))?r=1e3:~~r<200&&(r=200),s.height=r):"link"===t.message&&(r=new URL(s.getAttribute("src")),n=new URL(t.value),c.test(n.protocol))&&n.host===r.host&&l.activeElement===s&&(d.top.location.href=t.value))}},d.addEventListener("message",d.wp.receiveEmbedMessage,!1),l.addEventListener("DOMContentLoaded",function(){for(var e,t,s=l.querySelectorAll("iframe.wp-embedded-content"),r=0;r<s.length;r++)(t=(e=s[r]).getAttribute("data-secret"))||(t=Math.random().toString(36).substring(2,12),e.src+="#?secret="+t,e.setAttribute("data-secret",t)),e.contentWindow.postMessage({message:"ready",secret:t},"*")},!1)))}(window,document);
/* ]]> */
</script>

Två företag i Vélez Málaga ska inleda arbetet med att inspektera infrastrukturen längs spårvagnsnätet i kommunen för att bedöma skadorna ifall trafiken eventuellt startar upp igen. Det var för tre år sedan som de olönsamma spårvagnarna slutade gå mellan Vélez och Torre del Mar. Sedan dess har invånarna kunnat konstatera hur elskåp längs linjen har [&hellip;]
