{"version":"1.0","provider_name":"Svenska Magasinet","provider_url":"https:\/\/lightweb.dev\/l\/svm-temp","author_name":"Redaktionen SvM","author_url":"https:\/\/lightweb.dev\/l\/svm-temp\/reporter\/redaktionen\/","title":"St\u00e4ngda str\u00e4nder nattetid i Marbella kommun","type":"rich","width":600,"height":338,"html":"<blockquote class=\"wp-embedded-content\" data-secret=\"okSZvHgzix\"><a href=\"https:\/\/lightweb.dev\/l\/svm-temp\/nyheter\/stangda-strander-nattetid-i-marbella-kommun\/\">St\u00e4ngda str\u00e4nder nattetid i Marbella kommun<\/a><\/blockquote><iframe sandbox=\"allow-scripts\" security=\"restricted\" src=\"https:\/\/lightweb.dev\/l\/svm-temp\/nyheter\/stangda-strander-nattetid-i-marbella-kommun\/embed\/#?secret=okSZvHgzix\" width=\"600\" height=\"338\" title=\"\u201dSt\u00e4ngda str\u00e4nder nattetid i Marbella kommun\u201d &ndash; Svenska Magasinet\" data-secret=\"okSZvHgzix\" frameborder=\"0\" marginwidth=\"0\" marginheight=\"0\" scrolling=\"no\" class=\"wp-embedded-content\"><\/iframe><script type=\"text\/javascript\">\n\/* <![CDATA[ *\/\n\/*! This file is auto-generated *\/\n!function(d,l){\"use strict\";l.querySelector&&d.addEventListener&&\"undefined\"!=typeof URL&&(d.wp=d.wp||{},d.wp.receiveEmbedMessage||(d.wp.receiveEmbedMessage=function(e){var t=e.data;if((t||t.secret||t.message||t.value)&&!\/[^a-zA-Z0-9]\/.test(t.secret)){for(var s,r,n,a=l.querySelectorAll('iframe[data-secret=\"'+t.secret+'\"]'),o=l.querySelectorAll('blockquote[data-secret=\"'+t.secret+'\"]'),c=new RegExp(\"^https?:$\",\"i\"),i=0;i<o.length;i++)o[i].style.display=\"none\";for(i=0;i<a.length;i++)s=a[i],e.source===s.contentWindow&&(s.removeAttribute(\"style\"),\"height\"===t.message?(1e3<(r=parseInt(t.value,10))?r=1e3:~~r<200&&(r=200),s.height=r):\"link\"===t.message&&(r=new URL(s.getAttribute(\"src\")),n=new URL(t.value),c.test(n.protocol))&&n.host===r.host&&l.activeElement===s&&(d.top.location.href=t.value))}},d.addEventListener(\"message\",d.wp.receiveEmbedMessage,!1),l.addEventListener(\"DOMContentLoaded\",function(){for(var e,t,s=l.querySelectorAll(\"iframe.wp-embedded-content\"),r=0;r<s.length;r++)(t=(e=s[r]).getAttribute(\"data-secret\"))||(t=Math.random().toString(36).substring(2,12),e.src+=\"#?secret=\"+t,e.setAttribute(\"data-secret\",t)),e.contentWindow.postMessage({message:\"ready\",secret:t},\"*\")},!1)))}(window,document);\n\/* ]]> *\/\n<\/script>\n","thumbnail_url":"https:\/\/lightweb.dev\/l\/svm-temp\/wp-content\/uploads\/2022\/06\/stangda-strander-nattetid-i-marbella-kommun.png","thumbnail_width":500,"thumbnail_height":300,"description":"F\u00f6r att motverka att st\u00f6rre grupper samlas p\u00e5 str\u00e4nderna f\u00f6r att festa loss med fenomenet \u201dbotell\u00f3n\u201d s\u00e5 har Marbella kommun beslutat att str\u00e4nderna ska vara st\u00e4ngda under sex timmar, fr\u00e5n midnatt fram till klockan 6 p\u00e5 morgonen. I augusti ifjol tog Marbella kommun ett liknande beslut och st\u00e4ngde str\u00e4nderna mellan klockan 21.30 till 7. Den [&hellip;]"}

Stängda stränder nattetid i Marbella kommun

<blockquote class="wp-embedded-content" data-secret="okSZvHgzix"><a href="https://lightweb.dev/l/svm-temp/nyheter/stangda-strander-nattetid-i-marbella-kommun/">Stängda stränder nattetid i Marbella kommun</a></blockquote><iframe sandbox="allow-scripts" security="restricted" src="https://lightweb.dev/l/svm-temp/nyheter/stangda-strander-nattetid-i-marbella-kommun/embed/#?secret=okSZvHgzix" width="600" height="338" title="”Stängda stränder nattetid i Marbella kommun” &ndash; Svenska Magasinet" data-secret="okSZvHgzix" frameborder="0" marginwidth="0" marginheight="0" scrolling="no" class="wp-embedded-content"></iframe><script type="text/javascript">
/* <![CDATA[ */
/*! This file is auto-generated */
!function(d,l){"use strict";l.querySelector&&d.addEventListener&&"undefined"!=typeof URL&&(d.wp=d.wp||{},d.wp.receiveEmbedMessage||(d.wp.receiveEmbedMessage=function(e){var t=e.data;if((t||t.secret||t.message||t.value)&&!/[^a-zA-Z0-9]/.test(t.secret)){for(var s,r,n,a=l.querySelectorAll('iframe[data-secret="'+t.secret+'"]'),o=l.querySelectorAll('blockquote[data-secret="'+t.secret+'"]'),c=new RegExp("^https?:$","i"),i=0;i<o.length;i++)o[i].style.display="none";for(i=0;i<a.length;i++)s=a[i],e.source===s.contentWindow&&(s.removeAttribute("style"),"height"===t.message?(1e3<(r=parseInt(t.value,10))?r=1e3:~~r<200&&(r=200),s.height=r):"link"===t.message&&(r=new URL(s.getAttribute("src")),n=new URL(t.value),c.test(n.protocol))&&n.host===r.host&&l.activeElement===s&&(d.top.location.href=t.value))}},d.addEventListener("message",d.wp.receiveEmbedMessage,!1),l.addEventListener("DOMContentLoaded",function(){for(var e,t,s=l.querySelectorAll("iframe.wp-embedded-content"),r=0;r<s.length;r++)(t=(e=s[r]).getAttribute("data-secret"))||(t=Math.random().toString(36).substring(2,12),e.src+="#?secret="+t,e.setAttribute("data-secret",t)),e.contentWindow.postMessage({message:"ready",secret:t},"*")},!1)))}(window,document);
/* ]]> */
</script>

För att motverka att större grupper samlas på stränderna för att festa loss med fenomenet ”botellón” så har Marbella kommun beslutat att stränderna ska vara stängda under sex timmar, från midnatt fram till klockan 6 på morgonen. I augusti ifjol tog Marbella kommun ett liknande beslut och stängde stränderna mellan klockan 21.30 till 7. Den [&hellip;]
