{"version":"1.0","provider_name":"Svenska Magasinet","provider_url":"https:\/\/lightweb.dev\/l\/svm-temp","author_name":"Ola Josefsson","author_url":"https:\/\/lightweb.dev\/l\/svm-temp\/reporter\/ola-josefsson\/","title":"St\u00f6det f\u00f6r sj\u00e4lvst\u00e4ndighet minskar i Katalonien","type":"rich","width":600,"height":338,"html":"<blockquote class=\"wp-embedded-content\" data-secret=\"nMDALqzzVf\"><a href=\"https:\/\/lightweb.dev\/l\/svm-temp\/nyheter\/stodet-for-sjalvstandighet-minskar-i-katalonien\/\">St\u00f6det f\u00f6r sj\u00e4lvst\u00e4ndighet minskar i Katalonien<\/a><\/blockquote><iframe sandbox=\"allow-scripts\" security=\"restricted\" src=\"https:\/\/lightweb.dev\/l\/svm-temp\/nyheter\/stodet-for-sjalvstandighet-minskar-i-katalonien\/embed\/#?secret=nMDALqzzVf\" width=\"600\" height=\"338\" title=\"\u201dSt\u00f6det f\u00f6r sj\u00e4lvst\u00e4ndighet minskar i Katalonien\u201d &ndash; Svenska Magasinet\" data-secret=\"nMDALqzzVf\" frameborder=\"0\" marginwidth=\"0\" marginheight=\"0\" scrolling=\"no\" class=\"wp-embedded-content\"><\/iframe><script type=\"text\/javascript\">\n\/* <![CDATA[ *\/\n\/*! This file is auto-generated *\/\n!function(d,l){\"use strict\";l.querySelector&&d.addEventListener&&\"undefined\"!=typeof URL&&(d.wp=d.wp||{},d.wp.receiveEmbedMessage||(d.wp.receiveEmbedMessage=function(e){var t=e.data;if((t||t.secret||t.message||t.value)&&!\/[^a-zA-Z0-9]\/.test(t.secret)){for(var s,r,n,a=l.querySelectorAll('iframe[data-secret=\"'+t.secret+'\"]'),o=l.querySelectorAll('blockquote[data-secret=\"'+t.secret+'\"]'),c=new RegExp(\"^https?:$\",\"i\"),i=0;i<o.length;i++)o[i].style.display=\"none\";for(i=0;i<a.length;i++)s=a[i],e.source===s.contentWindow&&(s.removeAttribute(\"style\"),\"height\"===t.message?(1e3<(r=parseInt(t.value,10))?r=1e3:~~r<200&&(r=200),s.height=r):\"link\"===t.message&&(r=new URL(s.getAttribute(\"src\")),n=new URL(t.value),c.test(n.protocol))&&n.host===r.host&&l.activeElement===s&&(d.top.location.href=t.value))}},d.addEventListener(\"message\",d.wp.receiveEmbedMessage,!1),l.addEventListener(\"DOMContentLoaded\",function(){for(var e,t,s=l.querySelectorAll(\"iframe.wp-embedded-content\"),r=0;r<s.length;r++)(t=(e=s[r]).getAttribute(\"data-secret\"))||(t=Math.random().toString(36).substring(2,12),e.src+=\"#?secret=\"+t,e.setAttribute(\"data-secret\",t)),e.contentWindow.postMessage({message:\"ready\",secret:t},\"*\")},!1)))}(window,document);\n\/* ]]> *\/\n<\/script>\n","thumbnail_url":"https:\/\/lightweb.dev\/l\/svm-temp\/wp-content\/uploads\/2022\/04\/stdet-fr-sjlvstndighet-minskar-i-katalonien.png","thumbnail_width":500,"thumbnail_height":301,"description":"Inv\u00e5narna i Katalonien vill hellre se dialog och en ny finansieringsmodell mellan centralregeringen och regionen som ska ge ut\u00f6kat sj\u00e4lvstyre \u00e4n en folkomr\u00f6stning om sj\u00e4lvst\u00e4ndighet. St\u00f6det f\u00f6r sj\u00e4lvst\u00e4ndighet minskar. Enligt en f\u00e4rsk unders\u00f6kning fr\u00e5n ICPS (Instituto de Ciencias Pol\u00edticas y Sociales) vid ett universitet i Barcelona vill 53 procent av katalanerna fortsatt tillh\u00f6ra Spanien. \u201dBara\u201d [&hellip;]"}

Stödet för självständighet minskar i Katalonien

<blockquote class="wp-embedded-content" data-secret="nMDALqzzVf"><a href="https://lightweb.dev/l/svm-temp/nyheter/stodet-for-sjalvstandighet-minskar-i-katalonien/">Stödet för självständighet minskar i Katalonien</a></blockquote><iframe sandbox="allow-scripts" security="restricted" src="https://lightweb.dev/l/svm-temp/nyheter/stodet-for-sjalvstandighet-minskar-i-katalonien/embed/#?secret=nMDALqzzVf" width="600" height="338" title="”Stödet för självständighet minskar i Katalonien” &ndash; Svenska Magasinet" data-secret="nMDALqzzVf" frameborder="0" marginwidth="0" marginheight="0" scrolling="no" class="wp-embedded-content"></iframe><script type="text/javascript">
/* <![CDATA[ */
/*! This file is auto-generated */
!function(d,l){"use strict";l.querySelector&&d.addEventListener&&"undefined"!=typeof URL&&(d.wp=d.wp||{},d.wp.receiveEmbedMessage||(d.wp.receiveEmbedMessage=function(e){var t=e.data;if((t||t.secret||t.message||t.value)&&!/[^a-zA-Z0-9]/.test(t.secret)){for(var s,r,n,a=l.querySelectorAll('iframe[data-secret="'+t.secret+'"]'),o=l.querySelectorAll('blockquote[data-secret="'+t.secret+'"]'),c=new RegExp("^https?:$","i"),i=0;i<o.length;i++)o[i].style.display="none";for(i=0;i<a.length;i++)s=a[i],e.source===s.contentWindow&&(s.removeAttribute("style"),"height"===t.message?(1e3<(r=parseInt(t.value,10))?r=1e3:~~r<200&&(r=200),s.height=r):"link"===t.message&&(r=new URL(s.getAttribute("src")),n=new URL(t.value),c.test(n.protocol))&&n.host===r.host&&l.activeElement===s&&(d.top.location.href=t.value))}},d.addEventListener("message",d.wp.receiveEmbedMessage,!1),l.addEventListener("DOMContentLoaded",function(){for(var e,t,s=l.querySelectorAll("iframe.wp-embedded-content"),r=0;r<s.length;r++)(t=(e=s[r]).getAttribute("data-secret"))||(t=Math.random().toString(36).substring(2,12),e.src+="#?secret="+t,e.setAttribute("data-secret",t)),e.contentWindow.postMessage({message:"ready",secret:t},"*")},!1)))}(window,document);
/* ]]> */
</script>

Invånarna i Katalonien vill hellre se dialog och en ny finansieringsmodell mellan centralregeringen och regionen som ska ge utökat självstyre än en folkomröstning om självständighet. Stödet för självständighet minskar. Enligt en färsk undersökning från ICPS (Instituto de Ciencias Políticas y Sociales) vid ett universitet i Barcelona vill 53 procent av katalanerna fortsatt tillhöra Spanien. ”Bara” [&hellip;]
