{"version":"1.0","provider_name":"Svenska Magasinet","provider_url":"https:\/\/lightweb.dev\/l\/svm-temp","author_name":"Redaktionen SvM","author_url":"https:\/\/lightweb.dev\/l\/svm-temp\/reporter\/redaktionen\/","title":"Svensk beskjuten i Torrevieja","type":"rich","width":600,"height":338,"html":"<blockquote class=\"wp-embedded-content\" data-secret=\"30syJ9M8aS\"><a href=\"https:\/\/lightweb.dev\/l\/svm-temp\/nyheter\/svensk-beskjuten-i-torrevieja\/\">Svensk beskjuten i Torrevieja<\/a><\/blockquote><iframe sandbox=\"allow-scripts\" security=\"restricted\" src=\"https:\/\/lightweb.dev\/l\/svm-temp\/nyheter\/svensk-beskjuten-i-torrevieja\/embed\/#?secret=30syJ9M8aS\" width=\"600\" height=\"338\" title=\"\u201dSvensk beskjuten i Torrevieja\u201d &ndash; Svenska Magasinet\" data-secret=\"30syJ9M8aS\" frameborder=\"0\" marginwidth=\"0\" marginheight=\"0\" scrolling=\"no\" class=\"wp-embedded-content\"><\/iframe><script type=\"text\/javascript\">\n\/* <![CDATA[ *\/\n\/*! This file is auto-generated *\/\n!function(d,l){\"use strict\";l.querySelector&&d.addEventListener&&\"undefined\"!=typeof URL&&(d.wp=d.wp||{},d.wp.receiveEmbedMessage||(d.wp.receiveEmbedMessage=function(e){var t=e.data;if((t||t.secret||t.message||t.value)&&!\/[^a-zA-Z0-9]\/.test(t.secret)){for(var s,r,n,a=l.querySelectorAll('iframe[data-secret=\"'+t.secret+'\"]'),o=l.querySelectorAll('blockquote[data-secret=\"'+t.secret+'\"]'),c=new RegExp(\"^https?:$\",\"i\"),i=0;i<o.length;i++)o[i].style.display=\"none\";for(i=0;i<a.length;i++)s=a[i],e.source===s.contentWindow&&(s.removeAttribute(\"style\"),\"height\"===t.message?(1e3<(r=parseInt(t.value,10))?r=1e3:~~r<200&&(r=200),s.height=r):\"link\"===t.message&&(r=new URL(s.getAttribute(\"src\")),n=new URL(t.value),c.test(n.protocol))&&n.host===r.host&&l.activeElement===s&&(d.top.location.href=t.value))}},d.addEventListener(\"message\",d.wp.receiveEmbedMessage,!1),l.addEventListener(\"DOMContentLoaded\",function(){for(var e,t,s=l.querySelectorAll(\"iframe.wp-embedded-content\"),r=0;r<s.length;r++)(t=(e=s[r]).getAttribute(\"data-secret\"))||(t=Math.random().toString(36).substring(2,12),e.src+=\"#?secret=\"+t,e.setAttribute(\"data-secret\",t)),e.contentWindow.postMessage({message:\"ready\",secret:t},\"*\")},!1)))}(window,document);\n\/* ]]> *\/\n<\/script>\n","thumbnail_url":"https:\/\/lightweb.dev\/l\/svm-temp\/wp-content\/uploads\/2022\/06\/svensk-beskjuten-i-torrevieja.png","thumbnail_width":700,"thumbnail_height":420,"description":"Svenskens spanska semesterbostad blev ockuperad n\u00e4r han inte var d\u00e4r och ockupanten b\u00f6rjade d\u00e4refter att s\u00e4lja knark fr\u00e5n bostaden. Den 17 januari kom svensken ner till sin l\u00e4genhet och d\u00e5 uppt\u00e4ckte han en fr\u00e4mmande man d\u00e4r, svensken kontaktade d\u00e5 polisen. Guardia Civil var snabbt p\u00e5 plats och de h\u00f6rde tv\u00e5 skott d\u00e5 de n\u00e4rmade sig [&hellip;]"}

Svenskens spanska semesterbostad blev ockuperad när han inte var där och ockupanten började därefter att sälja knark från bostaden. Den 17 januari kom svensken ner till sin lägenhet och då upptäckte han en främmande man där, svensken kontaktade då polisen. Guardia Civil var snabbt på plats och de hörde två skott då de närmade sig [&hellip;]
