{"version":"1.0","provider_name":"Svenska Magasinet","provider_url":"https:\/\/lightweb.dev\/l\/svm-temp","author_name":"Redaktionen SvM","author_url":"https:\/\/lightweb.dev\/l\/svm-temp\/reporter\/redaktionen\/","title":"Trafikst\u00f6rningar i Benalm\u00e1dena Costa","type":"rich","width":600,"height":338,"html":"<blockquote class=\"wp-embedded-content\" data-secret=\"23rNs6qKwZ\"><a href=\"https:\/\/lightweb.dev\/l\/svm-temp\/nyheter\/trafikstorningar-i-benalmadena-costa\/\">Trafikst\u00f6rningar i Benalm\u00e1dena Costa<\/a><\/blockquote><iframe sandbox=\"allow-scripts\" security=\"restricted\" src=\"https:\/\/lightweb.dev\/l\/svm-temp\/nyheter\/trafikstorningar-i-benalmadena-costa\/embed\/#?secret=23rNs6qKwZ\" width=\"600\" height=\"338\" title=\"\u201dTrafikst\u00f6rningar i Benalm\u00e1dena Costa\u201d &ndash; Svenska Magasinet\" data-secret=\"23rNs6qKwZ\" frameborder=\"0\" marginwidth=\"0\" marginheight=\"0\" scrolling=\"no\" class=\"wp-embedded-content\"><\/iframe><script type=\"text\/javascript\">\n\/* <![CDATA[ *\/\n\/*! This file is auto-generated *\/\n!function(d,l){\"use strict\";l.querySelector&&d.addEventListener&&\"undefined\"!=typeof URL&&(d.wp=d.wp||{},d.wp.receiveEmbedMessage||(d.wp.receiveEmbedMessage=function(e){var t=e.data;if((t||t.secret||t.message||t.value)&&!\/[^a-zA-Z0-9]\/.test(t.secret)){for(var s,r,n,a=l.querySelectorAll('iframe[data-secret=\"'+t.secret+'\"]'),o=l.querySelectorAll('blockquote[data-secret=\"'+t.secret+'\"]'),c=new RegExp(\"^https?:$\",\"i\"),i=0;i<o.length;i++)o[i].style.display=\"none\";for(i=0;i<a.length;i++)s=a[i],e.source===s.contentWindow&&(s.removeAttribute(\"style\"),\"height\"===t.message?(1e3<(r=parseInt(t.value,10))?r=1e3:~~r<200&&(r=200),s.height=r):\"link\"===t.message&&(r=new URL(s.getAttribute(\"src\")),n=new URL(t.value),c.test(n.protocol))&&n.host===r.host&&l.activeElement===s&&(d.top.location.href=t.value))}},d.addEventListener(\"message\",d.wp.receiveEmbedMessage,!1),l.addEventListener(\"DOMContentLoaded\",function(){for(var e,t,s=l.querySelectorAll(\"iframe.wp-embedded-content\"),r=0;r<s.length;r++)(t=(e=s[r]).getAttribute(\"data-secret\"))||(t=Math.random().toString(36).substring(2,12),e.src+=\"#?secret=\"+t,e.setAttribute(\"data-secret\",t)),e.contentWindow.postMessage({message:\"ready\",secret:t},\"*\")},!1)))}(window,document);\n\/* ]]> *\/\n<\/script>\n","thumbnail_url":"https:\/\/lightweb.dev\/l\/svm-temp\/wp-content\/uploads\/2022\/06\/trafikstorningar-i-benalmadena-costa.png","thumbnail_width":299,"thumbnail_height":200,"description":"Fr\u00e5n och med i morgon m\u00e5ndag och under veckan p\u00e5g\u00e5r asfalteringsarbeten p\u00e5 gamla kustv\u00e4gen ovanf\u00f6r fritidshamnen Puerto Marina i Benalm\u00e1dena Costa. De lokala myndigheterna g\u00e5r nu ut med information till allm\u00e4nheten. Det g\u00e4ller v\u00e4gavsnitten vid Solymar utmed avenida Antonio Machado fr\u00e5n gr\u00e4nsen till Torremolinos till avenida Alay samt nedfarten till fritidshamnen som ska asfalteras kommande [&hellip;]"}

Trafikstörningar i Benalmádena Costa

<blockquote class="wp-embedded-content" data-secret="23rNs6qKwZ"><a href="https://lightweb.dev/l/svm-temp/nyheter/trafikstorningar-i-benalmadena-costa/">Trafikstörningar i Benalmádena Costa</a></blockquote><iframe sandbox="allow-scripts" security="restricted" src="https://lightweb.dev/l/svm-temp/nyheter/trafikstorningar-i-benalmadena-costa/embed/#?secret=23rNs6qKwZ" width="600" height="338" title="”Trafikstörningar i Benalmádena Costa” &ndash; Svenska Magasinet" data-secret="23rNs6qKwZ" frameborder="0" marginwidth="0" marginheight="0" scrolling="no" class="wp-embedded-content"></iframe><script type="text/javascript">
/* <![CDATA[ */
/*! This file is auto-generated */
!function(d,l){"use strict";l.querySelector&&d.addEventListener&&"undefined"!=typeof URL&&(d.wp=d.wp||{},d.wp.receiveEmbedMessage||(d.wp.receiveEmbedMessage=function(e){var t=e.data;if((t||t.secret||t.message||t.value)&&!/[^a-zA-Z0-9]/.test(t.secret)){for(var s,r,n,a=l.querySelectorAll('iframe[data-secret="'+t.secret+'"]'),o=l.querySelectorAll('blockquote[data-secret="'+t.secret+'"]'),c=new RegExp("^https?:$","i"),i=0;i<o.length;i++)o[i].style.display="none";for(i=0;i<a.length;i++)s=a[i],e.source===s.contentWindow&&(s.removeAttribute("style"),"height"===t.message?(1e3<(r=parseInt(t.value,10))?r=1e3:~~r<200&&(r=200),s.height=r):"link"===t.message&&(r=new URL(s.getAttribute("src")),n=new URL(t.value),c.test(n.protocol))&&n.host===r.host&&l.activeElement===s&&(d.top.location.href=t.value))}},d.addEventListener("message",d.wp.receiveEmbedMessage,!1),l.addEventListener("DOMContentLoaded",function(){for(var e,t,s=l.querySelectorAll("iframe.wp-embedded-content"),r=0;r<s.length;r++)(t=(e=s[r]).getAttribute("data-secret"))||(t=Math.random().toString(36).substring(2,12),e.src+="#?secret="+t,e.setAttribute("data-secret",t)),e.contentWindow.postMessage({message:"ready",secret:t},"*")},!1)))}(window,document);
/* ]]> */
</script>

Från och med i morgon måndag och under veckan pågår asfalteringsarbeten på gamla kustvägen ovanför fritidshamnen Puerto Marina i Benalmádena Costa. De lokala myndigheterna går nu ut med information till allmänheten. Det gäller vägavsnitten vid Solymar utmed avenida Antonio Machado från gränsen till Torremolinos till avenida Alay samt nedfarten till fritidshamnen som ska asfalteras kommande [&hellip;]
