{"version":"1.0","provider_name":"Svenska Magasinet","provider_url":"https:\/\/lightweb.dev\/l\/svm-temp","author_name":"Redaktionen SvM","author_url":"https:\/\/lightweb.dev\/l\/svm-temp\/reporter\/redaktionen\/","title":"Trettonhelgen i Spanien 2020","type":"rich","width":600,"height":338,"html":"<blockquote class=\"wp-embedded-content\" data-secret=\"nPbA8nWrvr\"><a href=\"https:\/\/lightweb.dev\/l\/svm-temp\/nyheter\/trettonhelgen-i-spanien-2020\/\">Trettonhelgen i Spanien 2020<\/a><\/blockquote><iframe sandbox=\"allow-scripts\" security=\"restricted\" src=\"https:\/\/lightweb.dev\/l\/svm-temp\/nyheter\/trettonhelgen-i-spanien-2020\/embed\/#?secret=nPbA8nWrvr\" width=\"600\" height=\"338\" title=\"\u201dTrettonhelgen i Spanien 2020\u201d &ndash; Svenska Magasinet\" data-secret=\"nPbA8nWrvr\" frameborder=\"0\" marginwidth=\"0\" marginheight=\"0\" scrolling=\"no\" class=\"wp-embedded-content\"><\/iframe><script type=\"text\/javascript\">\n\/* <![CDATA[ *\/\n\/*! This file is auto-generated *\/\n!function(d,l){\"use strict\";l.querySelector&&d.addEventListener&&\"undefined\"!=typeof URL&&(d.wp=d.wp||{},d.wp.receiveEmbedMessage||(d.wp.receiveEmbedMessage=function(e){var t=e.data;if((t||t.secret||t.message||t.value)&&!\/[^a-zA-Z0-9]\/.test(t.secret)){for(var s,r,n,a=l.querySelectorAll('iframe[data-secret=\"'+t.secret+'\"]'),o=l.querySelectorAll('blockquote[data-secret=\"'+t.secret+'\"]'),c=new RegExp(\"^https?:$\",\"i\"),i=0;i<o.length;i++)o[i].style.display=\"none\";for(i=0;i<a.length;i++)s=a[i],e.source===s.contentWindow&&(s.removeAttribute(\"style\"),\"height\"===t.message?(1e3<(r=parseInt(t.value,10))?r=1e3:~~r<200&&(r=200),s.height=r):\"link\"===t.message&&(r=new URL(s.getAttribute(\"src\")),n=new URL(t.value),c.test(n.protocol))&&n.host===r.host&&l.activeElement===s&&(d.top.location.href=t.value))}},d.addEventListener(\"message\",d.wp.receiveEmbedMessage,!1),l.addEventListener(\"DOMContentLoaded\",function(){for(var e,t,s=l.querySelectorAll(\"iframe.wp-embedded-content\"),r=0;r<s.length;r++)(t=(e=s[r]).getAttribute(\"data-secret\"))||(t=Math.random().toString(36).substring(2,12),e.src+=\"#?secret=\"+t,e.setAttribute(\"data-secret\",t)),e.contentWindow.postMessage({message:\"ready\",secret:t},\"*\")},!1)))}(window,document);\n\/* ]]> *\/\n<\/script>\n","thumbnail_url":"https:\/\/lightweb.dev\/l\/svm-temp\/wp-content\/uploads\/2022\/06\/trettonhelgen-i-spanien-2020.png","thumbnail_width":700,"thumbnail_height":420,"description":"Trettondagsafton och trettondagen \u00e4r de viktigaste juldagarna f\u00f6r de flesta spanjorer och d\u00e5 speciellt f\u00f6r barnen, det \u00e4r d\u00e5 det \u00e4r parader och julklappsutdelning. Helgen handlar mycket om de tre vise m\u00e4nnen, eller de magiska kungarna som p\u00e5 spanska kallas Los Reyes Magos. Alla spanska barn vet att de heter Melchor, Caspar och Baltasar och [&hellip;]"}

Trettondagsafton och trettondagen är de viktigaste juldagarna för de flesta spanjorer och då speciellt för barnen, det är då det är parader och julklappsutdelning. Helgen handlar mycket om de tre vise männen, eller de magiska kungarna som på spanska kallas Los Reyes Magos. Alla spanska barn vet att de heter Melchor, Caspar och Baltasar och [&hellip;]
