{"version":"1.0","provider_name":"Svenska Magasinet","provider_url":"https:\/\/lightweb.dev\/l\/svm-temp","author_name":"Redaktionen SvM","author_url":"https:\/\/lightweb.dev\/l\/svm-temp\/reporter\/redaktionen\/","title":"Varmare sommar \u00e4n normalt","type":"rich","width":600,"height":338,"html":"<blockquote class=\"wp-embedded-content\" data-secret=\"gZbTZRNukF\"><a href=\"https:\/\/lightweb.dev\/l\/svm-temp\/nyheter\/varmare-sommar-an-normalt\/\">Varmare sommar \u00e4n normalt<\/a><\/blockquote><iframe sandbox=\"allow-scripts\" security=\"restricted\" src=\"https:\/\/lightweb.dev\/l\/svm-temp\/nyheter\/varmare-sommar-an-normalt\/embed\/#?secret=gZbTZRNukF\" width=\"600\" height=\"338\" title=\"\u201dVarmare sommar \u00e4n normalt\u201d &ndash; Svenska Magasinet\" data-secret=\"gZbTZRNukF\" frameborder=\"0\" marginwidth=\"0\" marginheight=\"0\" scrolling=\"no\" class=\"wp-embedded-content\"><\/iframe><script type=\"text\/javascript\">\n\/* <![CDATA[ *\/\n\/*! This file is auto-generated *\/\n!function(d,l){\"use strict\";l.querySelector&&d.addEventListener&&\"undefined\"!=typeof URL&&(d.wp=d.wp||{},d.wp.receiveEmbedMessage||(d.wp.receiveEmbedMessage=function(e){var t=e.data;if((t||t.secret||t.message||t.value)&&!\/[^a-zA-Z0-9]\/.test(t.secret)){for(var s,r,n,a=l.querySelectorAll('iframe[data-secret=\"'+t.secret+'\"]'),o=l.querySelectorAll('blockquote[data-secret=\"'+t.secret+'\"]'),c=new RegExp(\"^https?:$\",\"i\"),i=0;i<o.length;i++)o[i].style.display=\"none\";for(i=0;i<a.length;i++)s=a[i],e.source===s.contentWindow&&(s.removeAttribute(\"style\"),\"height\"===t.message?(1e3<(r=parseInt(t.value,10))?r=1e3:~~r<200&&(r=200),s.height=r):\"link\"===t.message&&(r=new URL(s.getAttribute(\"src\")),n=new URL(t.value),c.test(n.protocol))&&n.host===r.host&&l.activeElement===s&&(d.top.location.href=t.value))}},d.addEventListener(\"message\",d.wp.receiveEmbedMessage,!1),l.addEventListener(\"DOMContentLoaded\",function(){for(var e,t,s=l.querySelectorAll(\"iframe.wp-embedded-content\"),r=0;r<s.length;r++)(t=(e=s[r]).getAttribute(\"data-secret\"))||(t=Math.random().toString(36).substring(2,12),e.src+=\"#?secret=\"+t,e.setAttribute(\"data-secret\",t)),e.contentWindow.postMessage({message:\"ready\",secret:t},\"*\")},!1)))}(window,document);\n\/* ]]> *\/\n<\/script>\n","thumbnail_url":"https:\/\/lightweb.dev\/l\/svm-temp\/wp-content\/uploads\/2022\/06\/varmare-sommar-an-normalt.png","thumbnail_width":700,"thumbnail_height":420,"description":"Vi har precis upplevt den nionde varmaste v\u00e5ren och sommaren kommer att bli n\u00e5got varmare \u00e4n normalt, cirka 0,5 grader, p\u00e5 Costa del Sol, Iberiska halv\u00f6n och Balearerna enligt den spanska v\u00e4derlekstj\u00e4nsten AEMET (Agencia Estatal de Meteorolog\u00eda). Fjol\u00e5rssommaren var 0,6 grader varmare \u00e4n genomsnittet f\u00f6r \u00e5ren 1981 till 2010. Men samtidigt var sommaren 2018 svalare [&hellip;]"}

Varmare sommar än normalt

<blockquote class="wp-embedded-content" data-secret="gZbTZRNukF"><a href="https://lightweb.dev/l/svm-temp/nyheter/varmare-sommar-an-normalt/">Varmare sommar än normalt</a></blockquote><iframe sandbox="allow-scripts" security="restricted" src="https://lightweb.dev/l/svm-temp/nyheter/varmare-sommar-an-normalt/embed/#?secret=gZbTZRNukF" width="600" height="338" title="”Varmare sommar än normalt” &ndash; Svenska Magasinet" data-secret="gZbTZRNukF" frameborder="0" marginwidth="0" marginheight="0" scrolling="no" class="wp-embedded-content"></iframe><script type="text/javascript">
/* <![CDATA[ */
/*! This file is auto-generated */
!function(d,l){"use strict";l.querySelector&&d.addEventListener&&"undefined"!=typeof URL&&(d.wp=d.wp||{},d.wp.receiveEmbedMessage||(d.wp.receiveEmbedMessage=function(e){var t=e.data;if((t||t.secret||t.message||t.value)&&!/[^a-zA-Z0-9]/.test(t.secret)){for(var s,r,n,a=l.querySelectorAll('iframe[data-secret="'+t.secret+'"]'),o=l.querySelectorAll('blockquote[data-secret="'+t.secret+'"]'),c=new RegExp("^https?:$","i"),i=0;i<o.length;i++)o[i].style.display="none";for(i=0;i<a.length;i++)s=a[i],e.source===s.contentWindow&&(s.removeAttribute("style"),"height"===t.message?(1e3<(r=parseInt(t.value,10))?r=1e3:~~r<200&&(r=200),s.height=r):"link"===t.message&&(r=new URL(s.getAttribute("src")),n=new URL(t.value),c.test(n.protocol))&&n.host===r.host&&l.activeElement===s&&(d.top.location.href=t.value))}},d.addEventListener("message",d.wp.receiveEmbedMessage,!1),l.addEventListener("DOMContentLoaded",function(){for(var e,t,s=l.querySelectorAll("iframe.wp-embedded-content"),r=0;r<s.length;r++)(t=(e=s[r]).getAttribute("data-secret"))||(t=Math.random().toString(36).substring(2,12),e.src+="#?secret="+t,e.setAttribute("data-secret",t)),e.contentWindow.postMessage({message:"ready",secret:t},"*")},!1)))}(window,document);
/* ]]> */
</script>

Vi har precis upplevt den nionde varmaste våren och sommaren kommer att bli något varmare än normalt, cirka 0,5 grader, på Costa del Sol, Iberiska halvön och Balearerna enligt den spanska väderlekstjänsten AEMET (Agencia Estatal de Meteorología). Fjolårssommaren var 0,6 grader varmare än genomsnittet för åren 1981 till 2010. Men samtidigt var sommaren 2018 svalare [&hellip;]
