{"id":56849,"date":"2022-08-27T11:10:58","date_gmt":"2022-08-27T09:10:58","guid":{"rendered":"https:\/\/lightweb.dev\/l\/svm-temp\/?post_type=product&#038;p=56849"},"modified":"2024-02-17T08:53:44","modified_gmt":"2024-02-17T07:53:44","slug":"1-ars-prenumeration-av-svenska-magasinet","status":"publish","type":"product","link":"https:\/\/lightweb.dev\/l\/svm-temp\/produkt\/1-ars-prenumeration-av-svenska-magasinet\/","title":{"rendered":"1 \u00e5rs prenumeration av Svenska Magasinet"},"content":{"rendered":"<p>F\u00e5 hem Svenska Magasinet till din brevl\u00e5da! Svenska Magasinet kommer ut den 15 i varje m\u00e5nad och vi skickar tidningen fr\u00e5n Spanien i samband med utgivningen.<\/p>\n","protected":false},"excerpt":{"rendered":"<p>F\u00e5 hem Svenska Magasinet till din brevl\u00e5da! Svenska Magasinet kommer ut den 15 i varje m\u00e5nad och vi skickar tidningen fr\u00e5n Spanien i samband med utgivningen.<\/p>\n","protected":false},"featured_media":66826,"template":"","meta":{"_et_pb_use_builder":"off","_et_pb_old_content":"F\u00e5 hem Svenska Magasinet till din brevl\u00e5da!\r\nSvenska Magasinet kommer ut den 15 i varje m\u00e5nad och vi skickar tidningen fr\u00e5n Spanien i samband med utgivningen.","_et_gb_content_width":""},"product_brand":[],"product_cat":[303],"product_tag":[],"class_list":{"0":"post-56849","1":"product","2":"type-product","3":"status-publish","4":"has-post-thumbnail","6":"product_cat-prenumeration","8":"first","9":"instock","10":"sold-individually","11":"shipping-taxable","12":"purchasable","13":"product-type-variable"},"yoast_head":"<!-- This site is optimized with the Yoast SEO Premium plugin v26.2 (Yoast SEO v28.2) - https:\/\/yoast.com\/product\/yoast-seo-premium-wordpress\/ -->\n<title>1 \u00e5rs prenumeration av Svenska Magasinet - Svenska Magasinet<\/title>\n<meta name=\"robots\" content=\"noindex, follow, max-snippet:-1, max-image-preview:large, max-video-preview:-1\" \/>\n<meta property=\"og:locale\" content=\"sv_SE\" \/>\n<meta property=\"og:type\" content=\"article\" \/>\n<meta property=\"og:title\" content=\"1 \u00e5rs prenumeration av Svenska Magasinet\" \/>\n<meta property=\"og:description\" content=\"F\u00e5 hem Svenska Magasinet till din brevl\u00e5da! Svenska Magasinet kommer ut den 15 i varje m\u00e5nad och vi skickar tidningen fr\u00e5n Spanien i samband med utgivningen.\" \/>\n<meta property=\"og:url\" content=\"https:\/\/lightweb.dev\/l\/svm-temp\/produkt\/1-ars-prenumeration-av-svenska-magasinet\/\" \/>\n<meta property=\"og:site_name\" content=\"Svenska Magasinet\" \/>\n<meta property=\"article:publisher\" content=\"https:\/\/www.facebook.com\/svenskamagasinet\" \/>\n<meta property=\"article:modified_time\" content=\"2024-02-17T07:53:44+00:00\" \/>\n<meta property=\"og:image\" content=\"https:\/\/lightweb.dev\/l\/svm-temp\/wp-content\/uploads\/2022\/08\/prenumerera-svm-1-ar.png\" \/>\n\t<meta property=\"og:image:width\" content=\"600\" \/>\n\t<meta property=\"og:image:height\" content=\"600\" \/>\n\t<meta property=\"og:image:type\" content=\"image\/png\" \/>\n<meta name=\"twitter:card\" content=\"summary_large_image\" \/>\n<meta name=\"twitter:site\" content=\"@SvenskaMagasine\" \/>\n<script type=\"application\/ld+json\" class=\"yoast-schema-graph\">{\"@context\":\"https:\\\/\\\/schema.org\",\"@graph\":[{\"@type\":\"WebPage\",\"@id\":\"https:\\\/\\\/lightweb.dev\\\/l\\\/svm-temp\\\/produkt\\\/1-ars-prenumeration-av-svenska-magasinet\\\/\",\"url\":\"https:\\\/\\\/lightweb.dev\\\/l\\\/svm-temp\\\/produkt\\\/1-ars-prenumeration-av-svenska-magasinet\\\/\",\"name\":\"1 \u00e5rs prenumeration av Svenska Magasinet - Svenska Magasinet\",\"isPartOf\":{\"@id\":\"https:\\\/\\\/lightweb.dev\\\/l\\\/svm-temp\\\/#website\"},\"primaryImageOfPage\":{\"@id\":\"https:\\\/\\\/lightweb.dev\\\/l\\\/svm-temp\\\/produkt\\\/1-ars-prenumeration-av-svenska-magasinet\\\/#primaryimage\"},\"image\":{\"@id\":\"https:\\\/\\\/lightweb.dev\\\/l\\\/svm-temp\\\/produkt\\\/1-ars-prenumeration-av-svenska-magasinet\\\/#primaryimage\"},\"thumbnailUrl\":\"https:\\\/\\\/lightweb.dev\\\/l\\\/svm-temp\\\/wp-content\\\/uploads\\\/2022\\\/08\\\/prenumerera-svm-1-ar.png\",\"datePublished\":\"2022-08-27T09:10:58+00:00\",\"dateModified\":\"2024-02-17T07:53:44+00:00\",\"breadcrumb\":{\"@id\":\"https:\\\/\\\/lightweb.dev\\\/l\\\/svm-temp\\\/produkt\\\/1-ars-prenumeration-av-svenska-magasinet\\\/#breadcrumb\"},\"inLanguage\":\"sv-SE\",\"potentialAction\":[{\"@type\":\"ReadAction\",\"target\":[\"https:\\\/\\\/lightweb.dev\\\/l\\\/svm-temp\\\/produkt\\\/1-ars-prenumeration-av-svenska-magasinet\\\/\"]}]},{\"@type\":\"ImageObject\",\"inLanguage\":\"sv-SE\",\"@id\":\"https:\\\/\\\/lightweb.dev\\\/l\\\/svm-temp\\\/produkt\\\/1-ars-prenumeration-av-svenska-magasinet\\\/#primaryimage\",\"url\":\"https:\\\/\\\/lightweb.dev\\\/l\\\/svm-temp\\\/wp-content\\\/uploads\\\/2022\\\/08\\\/prenumerera-svm-1-ar.png\",\"contentUrl\":\"https:\\\/\\\/lightweb.dev\\\/l\\\/svm-temp\\\/wp-content\\\/uploads\\\/2022\\\/08\\\/prenumerera-svm-1-ar.png\",\"width\":600,\"height\":600},{\"@type\":\"BreadcrumbList\",\"@id\":\"https:\\\/\\\/lightweb.dev\\\/l\\\/svm-temp\\\/produkt\\\/1-ars-prenumeration-av-svenska-magasinet\\\/#breadcrumb\",\"itemListElement\":[{\"@type\":\"ListItem\",\"position\":1,\"name\":\"Hem\",\"item\":\"https:\\\/\\\/lightweb.dev\\\/l\\\/svm-temp\\\/\"},{\"@type\":\"ListItem\",\"position\":2,\"name\":\"Webbutik\",\"item\":\"https:\\\/\\\/lightweb.dev\\\/l\\\/svm-temp\\\/butik\\\/\"},{\"@type\":\"ListItem\",\"position\":3,\"name\":\"1 \u00e5rs prenumeration av Svenska Magasinet\"}]},{\"@type\":\"WebSite\",\"@id\":\"https:\\\/\\\/lightweb.dev\\\/l\\\/svm-temp\\\/#website\",\"url\":\"https:\\\/\\\/lightweb.dev\\\/l\\\/svm-temp\\\/\",\"name\":\"Svenska Magasinet\",\"description\":\"Dina Spanska nyheter p&aring; Svenska\",\"publisher\":{\"@id\":\"https:\\\/\\\/lightweb.dev\\\/l\\\/svm-temp\\\/#organization\"},\"potentialAction\":[{\"@type\":\"SearchAction\",\"target\":{\"@type\":\"EntryPoint\",\"urlTemplate\":\"https:\\\/\\\/lightweb.dev\\\/l\\\/svm-temp\\\/?s={search_term_string}\"},\"query-input\":{\"@type\":\"PropertyValueSpecification\",\"valueRequired\":true,\"valueName\":\"search_term_string\"}}],\"inLanguage\":\"sv-SE\"},{\"@type\":\"Organization\",\"@id\":\"https:\\\/\\\/lightweb.dev\\\/l\\\/svm-temp\\\/#organization\",\"name\":\"Melkerson y Nott SL\",\"alternateName\":\"Svenska Magasinet\",\"url\":\"https:\\\/\\\/lightweb.dev\\\/l\\\/svm-temp\\\/\",\"logo\":{\"@type\":\"ImageObject\",\"inLanguage\":\"sv-SE\",\"@id\":\"https:\\\/\\\/lightweb.dev\\\/l\\\/svm-temp\\\/#\\\/schema\\\/logo\\\/image\\\/\",\"url\":\"https:\\\/\\\/lightweb.dev\\\/l\\\/svm-temp\\\/wp-content\\\/uploads\\\/2025\\\/02\\\/SvM-logo-Xtra-Centrerad-SVART.png\",\"contentUrl\":\"https:\\\/\\\/lightweb.dev\\\/l\\\/svm-temp\\\/wp-content\\\/uploads\\\/2025\\\/02\\\/SvM-logo-Xtra-Centrerad-SVART.png\",\"width\":300,\"height\":99,\"caption\":\"Melkerson y Nott SL\"},\"image\":{\"@id\":\"https:\\\/\\\/lightweb.dev\\\/l\\\/svm-temp\\\/#\\\/schema\\\/logo\\\/image\\\/\"},\"sameAs\":[\"https:\\\/\\\/www.facebook.com\\\/svenskamagasinet\",\"https:\\\/\\\/x.com\\\/SvenskaMagasine\"]}]}<\/script>\n<!-- \/ Yoast SEO Premium plugin. -->","yoast_head_json":{"title":"1 \u00e5rs prenumeration av Svenska Magasinet - Svenska Magasinet","robots":{"index":"noindex","follow":"follow","max-snippet":"max-snippet:-1","max-image-preview":"max-image-preview:large","max-video-preview":"max-video-preview:-1"},"og_locale":"sv_SE","og_type":"article","og_title":"1 \u00e5rs prenumeration av Svenska Magasinet","og_description":"F\u00e5 hem Svenska Magasinet till din brevl\u00e5da! Svenska Magasinet kommer ut den 15 i varje m\u00e5nad och vi skickar tidningen fr\u00e5n Spanien i samband med utgivningen.","og_url":"https:\/\/lightweb.dev\/l\/svm-temp\/produkt\/1-ars-prenumeration-av-svenska-magasinet\/","og_site_name":"Svenska Magasinet","article_publisher":"https:\/\/www.facebook.com\/svenskamagasinet","article_modified_time":"2024-02-17T07:53:44+00:00","og_image":[{"width":600,"height":600,"url":"https:\/\/lightweb.dev\/l\/svm-temp\/wp-content\/uploads\/2022\/08\/prenumerera-svm-1-ar.png","type":"image\/png"}],"twitter_card":"summary_large_image","twitter_site":"@SvenskaMagasine","schema":{"@context":"https:\/\/schema.org","@graph":[{"@type":"WebPage","@id":"https:\/\/lightweb.dev\/l\/svm-temp\/produkt\/1-ars-prenumeration-av-svenska-magasinet\/","url":"https:\/\/lightweb.dev\/l\/svm-temp\/produkt\/1-ars-prenumeration-av-svenska-magasinet\/","name":"1 \u00e5rs prenumeration av Svenska Magasinet - Svenska Magasinet","isPartOf":{"@id":"https:\/\/lightweb.dev\/l\/svm-temp\/#website"},"primaryImageOfPage":{"@id":"https:\/\/lightweb.dev\/l\/svm-temp\/produkt\/1-ars-prenumeration-av-svenska-magasinet\/#primaryimage"},"image":{"@id":"https:\/\/lightweb.dev\/l\/svm-temp\/produkt\/1-ars-prenumeration-av-svenska-magasinet\/#primaryimage"},"thumbnailUrl":"https:\/\/lightweb.dev\/l\/svm-temp\/wp-content\/uploads\/2022\/08\/prenumerera-svm-1-ar.png","datePublished":"2022-08-27T09:10:58+00:00","dateModified":"2024-02-17T07:53:44+00:00","breadcrumb":{"@id":"https:\/\/lightweb.dev\/l\/svm-temp\/produkt\/1-ars-prenumeration-av-svenska-magasinet\/#breadcrumb"},"inLanguage":"sv-SE","potentialAction":[{"@type":"ReadAction","target":["https:\/\/lightweb.dev\/l\/svm-temp\/produkt\/1-ars-prenumeration-av-svenska-magasinet\/"]}]},{"@type":"ImageObject","inLanguage":"sv-SE","@id":"https:\/\/lightweb.dev\/l\/svm-temp\/produkt\/1-ars-prenumeration-av-svenska-magasinet\/#primaryimage","url":"https:\/\/lightweb.dev\/l\/svm-temp\/wp-content\/uploads\/2022\/08\/prenumerera-svm-1-ar.png","contentUrl":"https:\/\/lightweb.dev\/l\/svm-temp\/wp-content\/uploads\/2022\/08\/prenumerera-svm-1-ar.png","width":600,"height":600},{"@type":"BreadcrumbList","@id":"https:\/\/lightweb.dev\/l\/svm-temp\/produkt\/1-ars-prenumeration-av-svenska-magasinet\/#breadcrumb","itemListElement":[{"@type":"ListItem","position":1,"name":"Hem","item":"https:\/\/lightweb.dev\/l\/svm-temp\/"},{"@type":"ListItem","position":2,"name":"Webbutik","item":"https:\/\/lightweb.dev\/l\/svm-temp\/butik\/"},{"@type":"ListItem","position":3,"name":"1 \u00e5rs prenumeration av Svenska Magasinet"}]},{"@type":"WebSite","@id":"https:\/\/lightweb.dev\/l\/svm-temp\/#website","url":"https:\/\/lightweb.dev\/l\/svm-temp\/","name":"Svenska Magasinet","description":"Dina Spanska nyheter p&aring; Svenska","publisher":{"@id":"https:\/\/lightweb.dev\/l\/svm-temp\/#organization"},"potentialAction":[{"@type":"SearchAction","target":{"@type":"EntryPoint","urlTemplate":"https:\/\/lightweb.dev\/l\/svm-temp\/?s={search_term_string}"},"query-input":{"@type":"PropertyValueSpecification","valueRequired":true,"valueName":"search_term_string"}}],"inLanguage":"sv-SE"},{"@type":"Organization","@id":"https:\/\/lightweb.dev\/l\/svm-temp\/#organization","name":"Melkerson y Nott SL","alternateName":"Svenska Magasinet","url":"https:\/\/lightweb.dev\/l\/svm-temp\/","logo":{"@type":"ImageObject","inLanguage":"sv-SE","@id":"https:\/\/lightweb.dev\/l\/svm-temp\/#\/schema\/logo\/image\/","url":"https:\/\/lightweb.dev\/l\/svm-temp\/wp-content\/uploads\/2025\/02\/SvM-logo-Xtra-Centrerad-SVART.png","contentUrl":"https:\/\/lightweb.dev\/l\/svm-temp\/wp-content\/uploads\/2025\/02\/SvM-logo-Xtra-Centrerad-SVART.png","width":300,"height":99,"caption":"Melkerson y Nott SL"},"image":{"@id":"https:\/\/lightweb.dev\/l\/svm-temp\/#\/schema\/logo\/image\/"},"sameAs":["https:\/\/www.facebook.com\/svenskamagasinet","https:\/\/x.com\/SvenskaMagasine"]}]}},"_links":{"self":[{"href":"https:\/\/lightweb.dev\/l\/svm-temp\/wp-json\/wp\/v2\/product\/56849","targetHints":{"allow":["GET"]}}],"collection":[{"href":"https:\/\/lightweb.dev\/l\/svm-temp\/wp-json\/wp\/v2\/product"}],"about":[{"href":"https:\/\/lightweb.dev\/l\/svm-temp\/wp-json\/wp\/v2\/types\/product"}],"wp:featuredmedia":[{"embeddable":true,"href":"https:\/\/lightweb.dev\/l\/svm-temp\/wp-json\/wp\/v2\/media\/66826"}],"wp:attachment":[{"href":"https:\/\/lightweb.dev\/l\/svm-temp\/wp-json\/wp\/v2\/media?parent=56849"}],"wp:term":[{"taxonomy":"product_brand","embeddable":true,"href":"https:\/\/lightweb.dev\/l\/svm-temp\/wp-json\/wp\/v2\/product_brand?post=56849"},{"taxonomy":"product_cat","embeddable":true,"href":"https:\/\/lightweb.dev\/l\/svm-temp\/wp-json\/wp\/v2\/product_cat?post=56849"},{"taxonomy":"product_tag","embeddable":true,"href":"https:\/\/lightweb.dev\/l\/svm-temp\/wp-json\/wp\/v2\/product_tag?post=56849"}],"curies":[{"name":"wp","href":"https:\/\/api.w.org\/{rel}","templated":true}]}}

1 års prenumeration av Svenska Magasinet

<p>Få hem Svenska Magasinet till din brevlåda! Svenska Magasinet kommer ut den 15 i varje månad och vi skickar tidningen från Spanien i samband med utgivningen.</p>

Få hem Svenska Magasinet till din brevlåda!
Svenska Magasinet kommer ut den 15 i varje månad och vi skickar tidningen från Spanien i samband med utgivningen.

<!-- This site is optimized with the Yoast SEO Premium plugin v26.2 (Yoast SEO v28.2) - https://yoast.com/product/yoast-seo-premium-wordpress/ -->
<title>1 års prenumeration av Svenska Magasinet - Svenska Magasinet</title>
<meta name="robots" content="noindex, follow, max-snippet:-1, max-image-preview:large, max-video-preview:-1" />
<meta property="og:locale" content="sv_SE" />
<meta property="og:type" content="article" />
<meta property="og:title" content="1 års prenumeration av Svenska Magasinet" />
<meta property="og:description" content="Få hem Svenska Magasinet till din brevlåda! Svenska Magasinet kommer ut den 15 i varje månad och vi skickar tidningen från Spanien i samband med utgivningen." />
<meta property="og:url" content="https://lightweb.dev/l/svm-temp/produkt/1-ars-prenumeration-av-svenska-magasinet/" />
<meta property="og:site_name" content="Svenska Magasinet" />
<meta property="article:publisher" content="https://www.facebook.com/svenskamagasinet" />
<meta property="article:modified_time" content="2024-02-17T07:53:44+00:00" />
<meta property="og:image" content="https://lightweb.dev/l/svm-temp/wp-content/uploads/2022/08/prenumerera-svm-1-ar.png" />
	<meta property="og:image:width" content="600" />
	<meta property="og:image:height" content="600" />
	<meta property="og:image:type" content="image/png" />
<meta name="twitter:card" content="summary_large_image" />
<meta name="twitter:site" content="@SvenskaMagasine" />
<script type="application/ld+json" class="yoast-schema-graph">{"@context":"https:\/\/schema.org","@graph":[{"@type":"WebPage","@id":"https:\/\/lightweb.dev\/l\/svm-temp\/produkt\/1-ars-prenumeration-av-svenska-magasinet\/","url":"https:\/\/lightweb.dev\/l\/svm-temp\/produkt\/1-ars-prenumeration-av-svenska-magasinet\/","name":"1 års prenumeration av Svenska Magasinet - Svenska Magasinet","isPartOf":{"@id":"https:\/\/lightweb.dev\/l\/svm-temp\/#website"},"primaryImageOfPage":{"@id":"https:\/\/lightweb.dev\/l\/svm-temp\/produkt\/1-ars-prenumeration-av-svenska-magasinet\/#primaryimage"},"image":{"@id":"https:\/\/lightweb.dev\/l\/svm-temp\/produkt\/1-ars-prenumeration-av-svenska-magasinet\/#primaryimage"},"thumbnailUrl":"https:\/\/lightweb.dev\/l\/svm-temp\/wp-content\/uploads\/2022\/08\/prenumerera-svm-1-ar.png","datePublished":"2022-08-27T09:10:58+00:00","dateModified":"2024-02-17T07:53:44+00:00","breadcrumb":{"@id":"https:\/\/lightweb.dev\/l\/svm-temp\/produkt\/1-ars-prenumeration-av-svenska-magasinet\/#breadcrumb"},"inLanguage":"sv-SE","potentialAction":[{"@type":"ReadAction","target":["https:\/\/lightweb.dev\/l\/svm-temp\/produkt\/1-ars-prenumeration-av-svenska-magasinet\/"]}]},{"@type":"ImageObject","inLanguage":"sv-SE","@id":"https:\/\/lightweb.dev\/l\/svm-temp\/produkt\/1-ars-prenumeration-av-svenska-magasinet\/#primaryimage","url":"https:\/\/lightweb.dev\/l\/svm-temp\/wp-content\/uploads\/2022\/08\/prenumerera-svm-1-ar.png","contentUrl":"https:\/\/lightweb.dev\/l\/svm-temp\/wp-content\/uploads\/2022\/08\/prenumerera-svm-1-ar.png","width":600,"height":600},{"@type":"BreadcrumbList","@id":"https:\/\/lightweb.dev\/l\/svm-temp\/produkt\/1-ars-prenumeration-av-svenska-magasinet\/#breadcrumb","itemListElement":[{"@type":"ListItem","position":1,"name":"Hem","item":"https:\/\/lightweb.dev\/l\/svm-temp\/"},{"@type":"ListItem","position":2,"name":"Webbutik","item":"https:\/\/lightweb.dev\/l\/svm-temp\/butik\/"},{"@type":"ListItem","position":3,"name":"1 års prenumeration av Svenska Magasinet"}]},{"@type":"WebSite","@id":"https:\/\/lightweb.dev\/l\/svm-temp\/#website","url":"https:\/\/lightweb.dev\/l\/svm-temp\/","name":"Svenska Magasinet","description":"Dina Spanska nyheter p&aring; Svenska","publisher":{"@id":"https:\/\/lightweb.dev\/l\/svm-temp\/#organization"},"potentialAction":[{"@type":"SearchAction","target":{"@type":"EntryPoint","urlTemplate":"https:\/\/lightweb.dev\/l\/svm-temp\/?s={search_term_string}"},"query-input":{"@type":"PropertyValueSpecification","valueRequired":true,"valueName":"search_term_string"}}],"inLanguage":"sv-SE"},{"@type":"Organization","@id":"https:\/\/lightweb.dev\/l\/svm-temp\/#organization","name":"Melkerson y Nott SL","alternateName":"Svenska Magasinet","url":"https:\/\/lightweb.dev\/l\/svm-temp\/","logo":{"@type":"ImageObject","inLanguage":"sv-SE","@id":"https:\/\/lightweb.dev\/l\/svm-temp\/#\/schema\/logo\/image\/","url":"https:\/\/lightweb.dev\/l\/svm-temp\/wp-content\/uploads\/2025\/02\/SvM-logo-Xtra-Centrerad-SVART.png","contentUrl":"https:\/\/lightweb.dev\/l\/svm-temp\/wp-content\/uploads\/2025\/02\/SvM-logo-Xtra-Centrerad-SVART.png","width":300,"height":99,"caption":"Melkerson y Nott SL"},"image":{"@id":"https:\/\/lightweb.dev\/l\/svm-temp\/#\/schema\/logo\/image\/"},"sameAs":["https:\/\/www.facebook.com\/svenskamagasinet","https:\/\/x.com\/SvenskaMagasine"]}]}</script>
<!-- / Yoast SEO Premium plugin. -->

1 års prenumeration av Svenska Magasinet - Svenska Magasinet

Få hem Svenska Magasinet till din brevlåda! Svenska Magasinet kommer ut den 15 i varje månad och vi skickar tidningen från Spanien i samband med utgivningen.
